{"id":383,"date":"2020-01-13T12:44:05","date_gmt":"2020-01-13T12:44:05","guid":{"rendered":"https:\/\/stauden-gross.de\/?page_id=383"},"modified":"2020-01-13T21:51:36","modified_gmt":"2020-01-13T21:51:36","slug":"datenschutzerklaerung","status":"publish","type":"page","link":"https:\/\/stauden-gross.de\/?page_id=383","title":{"rendered":"Datenschutzerkl\u00e4rung"},"content":{"rendered":"<p>[et_pb_section fb_built=&#8220;1&#8243; _builder_version=&#8220;4.1&#8243;][et_pb_row _builder_version=&#8220;3.25&#8243;][et_pb_column type=&#8220;4_4&#8243; _builder_version=&#8220;3.25&#8243; custom_padding=&#8220;|||&#8220; custom_padding__hover=&#8220;|||&#8220;][et_pb_text _builder_version=&#8220;4.1&#8243; text_font=&#8220;||||||||&#8220; header_font=&#8220;|500|||||||&#8220; header_text_color=&#8220;#7ab640&#8243; header_font_size=&#8220;35px&#8220;]<\/p>\n<h1 style=\"text-align: center;\">Datenschutzerkl\u00e4rung<\/h1>\n<p>[\/et_pb_text][\/et_pb_column][\/et_pb_row][et_pb_row _builder_version=&#8220;4.1&#8243; hover_enabled=&#8220;0&#8243;][et_pb_column type=&#8220;4_4&#8243; _builder_version=&#8220;3.26.6&#8243;][et_pb_text _builder_version=&#8220;4.1&#8243; text_font=&#8220;||||||||&#8220; text_text_color=&#8220;#000000&#8243; text_font_size=&#8220;18px&#8220; header_font=&#8220;||||||||&#8220;]<\/p>\n<h1><span style=\"font-size: 26px;\">Einleitung<\/span><\/h1>\n<p>Mit der folgenden Datenschutzerkl\u00e4rung m\u00f6chten wir Sie dar\u00fcber aufkl\u00e4ren, welche Arten Ihrer personenbezogenen Daten (nachfolgend auch kurz als &#8222;Daten\u201c bezeichnet) wir zu welchen Zwecken und in welchem Umfang verarbeiten. Die Datenschutzerkl\u00e4rung gilt f\u00fcr alle von uns durchgef\u00fchrten Verarbeitungen personenbezogener Daten, sowohl im Rahmen der Erbringung unserer Leistungen als auch insbesondere auf unseren Webseiten, in mobilen Applikationen sowie innerhalb externer Onlinepr\u00e4senzen, wie z.B. unserer Social-Media-Profile (nachfolgend zusammenfassend bezeichnet als &#8222;Onlineangebot\u201c).<\/p>\n<p>Die verwendeten Begriffe sind nicht geschlechtsspezifisch.<\/p>\n<p>Stand: 13. Januar 2020<\/p>\n<h2><\/h2>\n<h2>Inhalts\u00fcbersicht<\/h2>\n<ul class=\"index\">\n<li><a class=\"index-link\" href=\"#m14\"> Einleitung<\/a><\/li>\n<li><a class=\"index-link\" href=\"#m3\"> Verantwortlicher<\/a><\/li>\n<li><a class=\"index-link\" href=\"#mOverview\"> \u00dcbersicht der Verarbeitungen<\/a><\/li>\n<li><a class=\"index-link\" href=\"#m13\"> Ma\u00dfgebliche Rechtsgrundlagen<\/a><\/li>\n<li><a class=\"index-link\" href=\"#m27\"> Sicherheitsma\u00dfnahmen<\/a><\/li>\n<li><a class=\"index-link\" href=\"#m29\"> Cloud-Dienste<\/a><\/li>\n<li><a class=\"index-link\" href=\"#m12\"> L\u00f6schung von Daten<\/a><\/li>\n<li><a class=\"index-link\" href=\"#m15\"> \u00c4nderung und Aktualisierung der Datenschutzerkl\u00e4rung<\/a><\/li>\n<li><a class=\"index-link\" href=\"#m42\"> Begriffsdefinitionen<\/a><\/li>\n<\/ul>\n<h2 id=\"m3\">Verantwortlicher<\/h2>\n<ul class=\"m-elements\"><\/ul>\n<h2 id=\"mOverview\">\u00dcbersicht der Verarbeitungen<\/h2>\n<p>Die nachfolgende \u00dcbersicht fasst die Arten der verarbeiteten Daten und die Zwecke ihrer Verarbeitung zusammen und verweist auf die betroffenen Personen.<\/p>\n<h3>Arten der verarbeiteten Daten<\/h3>\n<ul>\n<li>Bestandsdaten (z.B. Namen, Adressen).<\/li>\n<li>Inhaltsdaten (z.B. Texteingaben, Fotografien, Videos).<\/li>\n<li>Kontaktdaten (z.B. E-Mail, Telefonnummern).<\/li>\n<li>Meta-\/Kommunikationsdaten (z.B. Ger\u00e4te-Informationen, IP-Adressen).<\/li>\n<li>Nutzungsdaten (z.B. besuchte Webseiten, Interesse an Inhalten, Zugriffszeiten).<\/li>\n<\/ul>\n<h3>Kategorien betroffener Personen<\/h3>\n<ul>\n<li>Besch\u00e4ftigte (z.B. Angestellte, Bewerber, ehemalige Mitarbeiter).<\/li>\n<li>Interessenten.<\/li>\n<li>Kommunikationspartner.<\/li>\n<li>Kunden.<\/li>\n<\/ul>\n<h3>Zwecke der Verarbeitung<\/h3>\n<ul>\n<li>B\u00fcro- und Organisationsverfahren.<\/li>\n<\/ul>\n<h2><\/h2>\n<h3 id=\"m13\">Ma\u00dfgebliche Rechtsgrundlagen<\/h3>\n<p>Im Folgenden teilen wir die Rechtsgrundlagen der Datenschutzgrundverordnung (DSGVO), auf deren Basis wir die personenbezogenen Daten verarbeiten, mit. Bitte beachten Sie, dass zus\u00e4tzlich zu den Regelungen der DSGVO die nationalen Datenschutzvorgaben in Ihrem bzw. unserem Wohn- und Sitzland gelten k\u00f6nnen.<\/p>\n<ul>\n<li><strong>Einwilligung (Art. 6 Abs. 1 S. 1 lit. a DSGVO)<\/strong> &#8211; Die betroffene Person hat ihre Einwilligung in die Verarbeitung der sie betreffenden personenbezogenen Daten f\u00fcr einen spezifischen Zweck oder mehrere bestimmte Zwecke gegeben.<\/li>\n<li><strong>Vertragserf\u00fcllung und vorvertragliche Anfragen (Art. 6 Abs. 1 S. 1 lit. b. DSGVO)<\/strong> &#8211; Die Verarbeitung ist f\u00fcr die Erf\u00fcllung eines Vertrags, dessen Vertragspartei die betroffene Person ist, oder zur Durchf\u00fchrung vorvertraglicher Ma\u00dfnahmen erforderlich, die auf Anfrage der betroffenen Person erfolgen.<\/li>\n<li><strong>Berechtigte Interessen (Art. 6 Abs. 1 S. 1 lit. f. DSGVO)<\/strong> &#8211; Die Verarbeitung ist zur Wahrung der berechtigten Interessen des Verantwortlichen oder eines Dritten erforderlich, sofern nicht die Interessen oder Grundrechte und Grundfreiheiten der betroffenen Person, die den Schutz personenbezogener Daten erfordern, \u00fcberwiegen.<\/li>\n<\/ul>\n<p><strong>Nationale Datenschutzregelungen in Deutschland<\/strong>: Zus\u00e4tzlich zu den Datenschutzregelungen der Datenschutz-Grundverordnung gelten nationale Regelungen zum Datenschutz in Deutschland. Hierzu geh\u00f6rt insbesondere das Gesetz zum Schutz vor Missbrauch personenbezogener Daten bei der Datenverarbeitung (Bundesdatenschutzgesetz \u2013 BDSG). Das BDSG enth\u00e4lt insbesondere Spezialregelungen zum Recht auf Auskunft, zum Recht auf L\u00f6schung, zum Widerspruchsrecht, zur Verarbeitung besonderer Kategorien personenbezogener Daten, zur Verarbeitung f\u00fcr andere Zwecke und zur \u00dcbermittlung sowie automatisierten Entscheidungsfindung im Einzelfall einschlie\u00dflich Profiling. Des Weiteren regelt es die Datenverarbeitung f\u00fcr Zwecke des Besch\u00e4ftigungsverh\u00e4ltnisses (\u00a7 26 BDSG), insbesondere im Hinblick auf die Begr\u00fcndung, Durchf\u00fchrung oder Beendigung von Besch\u00e4ftigungsverh\u00e4ltnissen sowie die Einwilligung von Besch\u00e4ftigten. Ferner k\u00f6nnen Landesdatenschutzgesetze der einzelnen Bundesl\u00e4nder zur Anwendung gelangen.<\/p>\n<ul class=\"m-elements\"><\/ul>\n<h2 id=\"m27\">Sicherheitsma\u00dfnahmen<\/h2>\n<p>Wir treffen nach Ma\u00dfgabe der gesetzlichen Vorgaben unter Ber\u00fccksichtigung des Stands der Technik, der Implementierungskosten und der Art, des Umfangs, der Umst\u00e4nde und der Zwecke der Verarbeitung sowie der unterschiedlichen Eintrittswahrscheinlichkeiten und des Ausma\u00dfes der Bedrohung der Rechte und Freiheiten nat\u00fcrlicher Personen geeignete technische und organisatorische Ma\u00dfnahmen, um ein dem Risiko angemessenes Schutzniveau zu gew\u00e4hrleisten.<\/p>\n<p>Zu den Ma\u00dfnahmen geh\u00f6ren insbesondere die Sicherung der Vertraulichkeit, Integrit\u00e4t und Verf\u00fcgbarkeit von Daten durch Kontrolle des physischen und elektronischen Zugangs zu den Daten als auch des sie betreffenden Zugriffs, der Eingabe, der Weitergabe, der Sicherung der Verf\u00fcgbarkeit und ihrer Trennung. Des Weiteren haben wir Verfahren eingerichtet, die eine Wahrnehmung von Betroffenenrechten, die L\u00f6schung von Daten und Reaktionen auf die Gef\u00e4hrdung der Daten gew\u00e4hrleisten. Ferner ber\u00fccksichtigen wir den Schutz personenbezogener Daten bereits bei der Entwicklung bzw. Auswahl von Hardware, Software sowie Verfahren entsprechend dem Prinzip des Datenschutzes, durch Technikgestaltung und durch datenschutzfreundliche Voreinstellungen.<\/p>\n<p><strong>K\u00fcrzung der IP-Adresse<\/strong>: Sofern es uns m\u00f6glich ist oder eine Speicherung der IP-Adresse nicht erforderlich ist, k\u00fcrzen wir oder lassen Ihre IP-Adresse k\u00fcrzen. Im Fall der K\u00fcrzung der IP-Adresse, auch als &#8222;IP-Masking&#8220; bezeichnet, wird das letzte Oktett, d.h., die letzten beiden Zahlen einer IP-Adresse, gel\u00f6scht (die IP-Adresse ist in diesem Kontext eine einem Internetanschluss durch den Online-Zugangs-Provider individuell zugeordnete Kennung). Mit der K\u00fcrzung der IP-Adresse soll die Identifizierung einer Person anhand ihrer IP-Adresse verhindert oder wesentlich erschwert werden.<\/p>\n<p><strong>SSL-Verschl\u00fcsselung (https)<\/strong>: Um Ihre via unser Online-Angebot \u00fcbermittelten Daten zu sch\u00fctzen, nutzen wir eine SSL-Verschl\u00fcsselung. Sie erkennen derart verschl\u00fcsselte Verbindungen an dem Pr\u00e4fix https:\/\/ in der Adresszeile Ihres Browsers.<\/p>\n<ul class=\"m-elements\"><\/ul>\n<h2 id=\"m29\">Cloud-Dienste<\/h2>\n<p>Wir nutzen \u00fcber das Internet zug\u00e4ngliche und auf den Servern ihrer Anbieter ausgef\u00fchrte Softwaredienste (sogenannte &#8222;Cloud-Dienste&#8220;, auch bezeichnet als &#8222;Software as a Service&#8220;) f\u00fcr die folgenden Zwecke: Dokumentenspeicherung und Verwaltung, Kalenderverwaltung, E-Mail-Versand, Tabellenkalkulationen und Pr\u00e4sentationen, Austausch von Dokumenten, Inhalten und Informationen mit bestimmten Empf\u00e4ngern oder Ver\u00f6ffentlichung von Webseiten, Formularen oder sonstigen Inhalten und Informationen sowie Chats und Teilnahme an Audio- und Videokonferenzen.<\/p>\n<p>In diesem Rahmen k\u00f6nnen personenbezogenen Daten verarbeitet und auf den Servern der Anbieter gespeichert werden, soweit diese Bestandteil von Kommunikationsvorg\u00e4ngen mit uns sind oder von uns sonst, wie im Rahmen dieser Datenschutzerkl\u00e4rung dargelegt, verarbeitet werden. Zu diesen Daten k\u00f6nnen insbesondere Stammdaten und Kontaktdaten der Nutzer, Daten zu Vorg\u00e4ngen, Vertr\u00e4gen, sonstigen Prozessen und deren Inhalte geh\u00f6ren. Die Anbieter der Cloud-Dienste verarbeiten ferner Nutzungsdaten und Metadaten, die von ihnen zu Sicherheitszwecken und zur Serviceoptimierung verwendet werden.<\/p>\n<p>Sofern wir mit Hilfe der Cloud-Dienste f\u00fcr andere Nutzer oder \u00f6ffentlich zug\u00e4ngliche Webseiten Formulare o.a. Dokumente und Inhalte bereitstellen, k\u00f6nnen die Anbieter Cookies auf den Ger\u00e4ten der Nutzer f\u00fcr Zwecke der Webanalyse oder, um sich Einstellungen der Nutzer (z.B. im Fall der Mediensteuerung) zu merken, speichern.<\/p>\n<p><strong>Hinweise zu Rechtsgrundlagen:<\/strong> Sofern wir um eine Einwilligung in den Einsatz der Cloud-Dienste bitten, ist die Rechtsgrundlage der Verarbeitung die Einwilligung. Ferner kann deren Einsatz ein Bestandteil unserer (vor)vertraglichen Leistungen sein, sofern der Einsatz der Cloud-Dienste in diesem Rahmen vereinbart wurde. Ansonsten werden die Daten der Nutzer auf Grundlage unserer berechtigten Interessen (d.h., Interesse an effizienten und sicheren Verwaltungs- und Kollaborationsprozessen) verarbeitet<\/p>\n<ul class=\"m-elements\">\n<li><strong>Verarbeitete Datenarten:<\/strong> Bestandsdaten (z.B. Namen, Adressen), Kontaktdaten (z.B. E-Mail, Telefonnummern), Inhaltsdaten (z.B. Texteingaben, Fotografien, Videos), Nutzungsdaten (z.B. besuchte Webseiten, Interesse an Inhalten, Zugriffszeiten), Meta-\/Kommunikationsdaten (z.B. Ger\u00e4te-Informationen, IP-Adressen).<\/li>\n<li><strong>Betroffene Personen:<\/strong> Kunden, Besch\u00e4ftigte (z.B. Angestellte, Bewerber, ehemalige Mitarbeiter), Interessenten, Kommunikationspartner.<\/li>\n<li><strong>Zwecke der Verarbeitung:<\/strong> B\u00fcro- und Organisationsverfahren.<\/li>\n<li><strong>Rechtsgrundlagen:<\/strong> Einwilligung (Art. 6 Abs. 1 S. 1 lit. a DSGVO), Vertragserf\u00fcllung und vorvertragliche Anfragen (Art. 6 Abs. 1 S. 1 lit. b. DSGVO), Berechtigte Interessen (Art. 6 Abs. 1 S. 1 lit. f. DSGVO).<\/li>\n<\/ul>\n<p><strong>Eingesetzte Dienste und Diensteanbieter:<\/strong><\/p>\n<ul class=\"m-elements\">\n<li><strong>Microsoft Clouddienste:<\/strong> Cloud-Speicher-Dienste; Dienstanbieter: Microsoft Corporation, One Microsoft Way, Redmond, WA 98052-6399 USA; Website: <a href=\"http:\/\/microsoft.com\/de-de\" target=\"_blank\" rel=\"noopener noreferrer\">http:\/\/microsoft.com\/de-de<\/a>; Datenschutzerkl\u00e4rung: <a href=\"https:\/\/privacy.microsoft.com\/de-de\/privacystatement\" target=\"_blank\" rel=\"noopener noreferrer\">https:\/\/privacy.microsoft.com\/de-de\/privacystatement<\/a>, Sicherheitshinweise: <a href=\"https:\/\/www.microsoft.com\/de-de\/trustcenter\" target=\"_blank\" rel=\"noopener noreferrer\">https:\/\/www.microsoft.com\/de-de\/trustcenter<\/a>; Privacy Shield (Gew\u00e4hrleistung Datenschutzniveau bei Verarbeitung von Daten in den USA): <a href=\"https:\/\/www.privacyshield.gov\/participant?id=a2zt0000000KzNaAAK&amp;status=Active\" target=\"_blank\" rel=\"noopener noreferrer\">https:\/\/www.privacyshield.gov\/participant?id=a2zt0000000KzNaAAK&amp;status=Active<\/a>.<\/li>\n<\/ul>\n<h2 id=\"m12\">L\u00f6schung von Daten<\/h2>\n<p>Die von uns verarbeiteten Daten werden nach Ma\u00dfgabe der gesetzlichen Vorgaben gel\u00f6scht, sobald deren zur Verarbeitung erlaubten Einwilligungen widerrufen werden oder sonstige Erlaubnisse entfallen (z.B., wenn der Zweck der Verarbeitung dieser Daten entfallen ist oder sie f\u00fcr den Zweck nicht erforderlich sind).<\/p>\n<p>Sofern die Daten nicht gel\u00f6scht werden, weil sie f\u00fcr andere und gesetzlich zul\u00e4ssige Zwecke erforderlich sind, wird deren Verarbeitung auf diese Zwecke beschr\u00e4nkt. D.h., die Daten werden gesperrt und nicht f\u00fcr andere Zwecke verarbeitet. Das gilt z.B. f\u00fcr Daten, die aus handels- oder steuerrechtlichen Gr\u00fcnden aufbewahrt werden m\u00fcssen oder deren Speicherung zur Geltendmachung, Aus\u00fcbung oder Verteidigung von Rechtsanspr\u00fcchen oder zum Schutz der Rechte einer anderen nat\u00fcrlichen oder juristischen Person erforderlich ist.<\/p>\n<p>Weitere Hinweise zu der L\u00f6schung von personenbezogenen Daten k\u00f6nnen ferner im Rahmen der einzelnen Datenschutzhinweise dieser Datenschutzerkl\u00e4rung erfolgen.<\/p>\n<ul class=\"m-elements\"><\/ul>\n<h2 id=\"m15\">\u00c4nderung und Aktualisierung der Datenschutzerkl\u00e4rung<\/h2>\n<p>Wir bitten Sie, sich regelm\u00e4\u00dfig \u00fcber den Inhalt unserer Datenschutzerkl\u00e4rung zu informieren. Wir passen die Datenschutzerkl\u00e4rung an, sobald die \u00c4nderungen der von uns durchgef\u00fchrten Datenverarbeitungen dies erforderlich machen. Wir informieren Sie, sobald durch die \u00c4nderungen eine Mitwirkungshandlung Ihrerseits (z.B. Einwilligung) oder eine sonstige individuelle Benachrichtigung erforderlich wird.<\/p>\n<p>Sofern wir in dieser Datenschutzerkl\u00e4rung Adressen und Kontaktinformationen von Unternehmen und Organisationen angeben, bitten wir zu beachten, dass die Adressen sich \u00fcber die Zeit \u00e4ndern k\u00f6nnen und bitten die Angaben vor Kontaktaufnahme zu pr\u00fcfen.<\/p>\n<h2 id=\"m42\">Begriffsdefinitionen<\/h2>\n<p>In diesem Abschnitt erhalten Sie eine \u00dcbersicht \u00fcber die in dieser Datenschutzerkl\u00e4rung verwendeten Begrifflichkeiten. Viele der Begriffe sind dem Gesetz entnommen und vor allem im Art. 4 DSGVO definiert. Die gesetzlichen Definitionen sind verbindlich. Die nachfolgenden Erl\u00e4uterungen sollen dagegen vor allem dem Verst\u00e4ndnis dienen. Die Begriffe sind alphabetisch sortiert.<\/p>\n<ul class=\"glossary\">\n<li><strong>Personenbezogene Daten:<\/strong> &#8222;Personenbezogene Daten\u201c sind alle Informationen, die sich auf eine identifizierte oder identifizierbare nat\u00fcrliche Person (im Folgenden &#8222;betroffene Person\u201c) beziehen; als identifizierbar wird eine nat\u00fcrliche Person angesehen, die direkt oder indirekt, insbesondere mittels Zuordnung zu einer Kennung wie einem Namen, zu einer Kennnummer, zu Standortdaten, zu einer Online-Kennung (z.B. Cookie) oder zu einem oder mehreren besonderen Merkmalen identifiziert werden kann, die Ausdruck der physischen, physiologischen, genetischen, psychischen, wirtschaftlichen, kulturellen oder sozialen Identit\u00e4t dieser nat\u00fcrlichen Person sind.<\/li>\n<li><strong>Verantwortlicher:<\/strong> Als &#8222;Verantwortlicher\u201c wird die nat\u00fcrliche oder juristische Person, Beh\u00f6rde, Einrichtung oder andere Stelle, die allein oder gemeinsam mit anderen \u00fcber die Zwecke und Mittel der Verarbeitung von personenbezogenen Daten entscheidet, bezeichnet.<\/li>\n<li><strong>Verarbeitung:<\/strong> &#8222;Verarbeitung&#8220; ist jeder mit oder ohne Hilfe automatisierter Verfahren ausgef\u00fchrte Vorgang oder jede solche Vorgangsreihe im Zusammenhang mit personenbezogenen Daten. Der Begriff reicht weit und umfasst praktisch jeden Umgang mit Daten, sei es das Erheben, das Auswerten, das Speichern, das \u00dcbermitteln oder das L\u00f6schen.<\/li>\n<\/ul>\n<p>[\/et_pb_text][\/et_pb_column][\/et_pb_row][\/et_pb_section]<\/p>\n","protected":false},"excerpt":{"rendered":"<p>Datenschutzerkl\u00e4rungEinleitung Mit der folgenden Datenschutzerkl\u00e4rung m\u00f6chten wir Sie dar\u00fcber aufkl\u00e4ren, welche Arten Ihrer personenbezogenen Daten (nachfolgend auch kurz als &#8222;Daten\u201c bezeichnet) wir zu welchen Zwecken und in welchem Umfang verarbeiten. Die Datenschutzerkl\u00e4rung gilt f\u00fcr alle von uns durchgef\u00fchrten Verarbeitungen personenbezogener Daten, sowohl im Rahmen der Erbringung unserer Leistungen als auch insbesondere auf unseren Webseiten, in [&hellip;]<\/p>\n","protected":false},"author":2,"featured_media":0,"parent":0,"menu_order":0,"comment_status":"closed","ping_status":"closed","template":"","meta":{"_et_pb_use_builder":"on","_et_pb_old_content":"","_et_gb_content_width":""},"yoast_head":"<!-- This site is optimized with the Yoast SEO plugin v17.9 - https:\/\/yoast.com\/wordpress\/plugins\/seo\/ -->\n<title>Datenschutzerkl\u00e4rung - Staudeng\u00e4rtnerei Thomas Gro\u00df<\/title>\n<meta name=\"robots\" content=\"index, follow, max-snippet:-1, max-image-preview:large, max-video-preview:-1\" \/>\n<link rel=\"canonical\" href=\"https:\/\/stauden-gross.de\/?page_id=383\" \/>\n<meta property=\"og:locale\" content=\"de_DE\" \/>\n<meta property=\"og:type\" content=\"article\" \/>\n<meta property=\"og:title\" content=\"Datenschutzerkl\u00e4rung - Staudeng\u00e4rtnerei Thomas Gro\u00df\" \/>\n<meta property=\"og:description\" content=\"Datenschutzerkl\u00e4rungEinleitung Mit der folgenden Datenschutzerkl\u00e4rung m\u00f6chten wir Sie dar\u00fcber aufkl\u00e4ren, welche Arten Ihrer personenbezogenen Daten (nachfolgend auch kurz als &quot;Daten\u201c bezeichnet) wir zu welchen Zwecken und in welchem Umfang verarbeiten. Die Datenschutzerkl\u00e4rung gilt f\u00fcr alle von uns durchgef\u00fchrten Verarbeitungen personenbezogener Daten, sowohl im Rahmen der Erbringung unserer Leistungen als auch insbesondere auf unseren Webseiten, in [&hellip;]\" \/>\n<meta property=\"og:url\" content=\"https:\/\/stauden-gross.de\/?page_id=383\" \/>\n<meta property=\"og:site_name\" content=\"Staudeng\u00e4rtnerei Thomas Gro\u00df\" \/>\n<meta property=\"article:modified_time\" content=\"2020-01-13T21:51:36+00:00\" \/>\n<meta name=\"twitter:card\" content=\"summary_large_image\" \/>\n<meta name=\"twitter:label1\" content=\"Gesch\u00e4tzte Lesezeit\" \/>\n\t<meta name=\"twitter:data1\" content=\"9\u00a0Minuten\" \/>\n<script type=\"application\/ld+json\" class=\"yoast-schema-graph\">{\"@context\":\"https:\/\/schema.org\",\"@graph\":[{\"@type\":\"Organization\",\"@id\":\"https:\/\/stauden-gross.de\/#organization\",\"name\":\"Staudengaertnerei Thomas Gross\",\"url\":\"https:\/\/stauden-gross.de\/\",\"sameAs\":[],\"logo\":{\"@type\":\"ImageObject\",\"@id\":\"https:\/\/stauden-gross.de\/#logo\",\"inLanguage\":\"de\",\"url\":\"https:\/\/stauden-gross.de\/wp-content\/uploads\/2019\/04\/NEU.jpg\",\"contentUrl\":\"https:\/\/stauden-gross.de\/wp-content\/uploads\/2019\/04\/NEU.jpg\",\"width\":1424,\"height\":409,\"caption\":\"Staudengaertnerei Thomas Gross\"},\"image\":{\"@id\":\"https:\/\/stauden-gross.de\/#logo\"}},{\"@type\":\"WebSite\",\"@id\":\"https:\/\/stauden-gross.de\/#website\",\"url\":\"https:\/\/stauden-gross.de\/\",\"name\":\"Staudeng\\u00e4rtnerei Thomas Gro\\u00df\",\"description\":\"Meisterbetrieb\",\"publisher\":{\"@id\":\"https:\/\/stauden-gross.de\/#organization\"},\"potentialAction\":[{\"@type\":\"SearchAction\",\"target\":{\"@type\":\"EntryPoint\",\"urlTemplate\":\"https:\/\/stauden-gross.de\/?s={search_term_string}\"},\"query-input\":\"required name=search_term_string\"}],\"inLanguage\":\"de\"},{\"@type\":\"WebPage\",\"@id\":\"https:\/\/stauden-gross.de\/?page_id=383#webpage\",\"url\":\"https:\/\/stauden-gross.de\/?page_id=383\",\"name\":\"Datenschutzerkl\\u00e4rung - Staudeng\\u00e4rtnerei Thomas Gro\\u00df\",\"isPartOf\":{\"@id\":\"https:\/\/stauden-gross.de\/#website\"},\"datePublished\":\"2020-01-13T12:44:05+00:00\",\"dateModified\":\"2020-01-13T21:51:36+00:00\",\"breadcrumb\":{\"@id\":\"https:\/\/stauden-gross.de\/?page_id=383#breadcrumb\"},\"inLanguage\":\"de\",\"potentialAction\":[{\"@type\":\"ReadAction\",\"target\":[\"https:\/\/stauden-gross.de\/?page_id=383\"]}]},{\"@type\":\"BreadcrumbList\",\"@id\":\"https:\/\/stauden-gross.de\/?page_id=383#breadcrumb\",\"itemListElement\":[{\"@type\":\"ListItem\",\"position\":1,\"name\":\"Startseite\",\"item\":\"https:\/\/stauden-gross.de\/\"},{\"@type\":\"ListItem\",\"position\":2,\"name\":\"Datenschutzerkl\\u00e4rung\"}]}]}<\/script>\n<!-- \/ Yoast SEO plugin. -->","yoast_head_json":{"title":"Datenschutzerkl\u00e4rung - Staudeng\u00e4rtnerei Thomas Gro\u00df","robots":{"index":"index","follow":"follow","max-snippet":"max-snippet:-1","max-image-preview":"max-image-preview:large","max-video-preview":"max-video-preview:-1"},"canonical":"https:\/\/stauden-gross.de\/?page_id=383","og_locale":"de_DE","og_type":"article","og_title":"Datenschutzerkl\u00e4rung - Staudeng\u00e4rtnerei Thomas Gro\u00df","og_description":"Datenschutzerkl\u00e4rungEinleitung Mit der folgenden Datenschutzerkl\u00e4rung m\u00f6chten wir Sie dar\u00fcber aufkl\u00e4ren, welche Arten Ihrer personenbezogenen Daten (nachfolgend auch kurz als \"Daten\u201c bezeichnet) wir zu welchen Zwecken und in welchem Umfang verarbeiten. Die Datenschutzerkl\u00e4rung gilt f\u00fcr alle von uns durchgef\u00fchrten Verarbeitungen personenbezogener Daten, sowohl im Rahmen der Erbringung unserer Leistungen als auch insbesondere auf unseren Webseiten, in [&hellip;]","og_url":"https:\/\/stauden-gross.de\/?page_id=383","og_site_name":"Staudeng\u00e4rtnerei Thomas Gro\u00df","article_modified_time":"2020-01-13T21:51:36+00:00","twitter_card":"summary_large_image","twitter_misc":{"Gesch\u00e4tzte Lesezeit":"9\u00a0Minuten"},"schema":{"@context":"https:\/\/schema.org","@graph":[{"@type":"Organization","@id":"https:\/\/stauden-gross.de\/#organization","name":"Staudengaertnerei Thomas Gross","url":"https:\/\/stauden-gross.de\/","sameAs":[],"logo":{"@type":"ImageObject","@id":"https:\/\/stauden-gross.de\/#logo","inLanguage":"de","url":"https:\/\/stauden-gross.de\/wp-content\/uploads\/2019\/04\/NEU.jpg","contentUrl":"https:\/\/stauden-gross.de\/wp-content\/uploads\/2019\/04\/NEU.jpg","width":1424,"height":409,"caption":"Staudengaertnerei Thomas Gross"},"image":{"@id":"https:\/\/stauden-gross.de\/#logo"}},{"@type":"WebSite","@id":"https:\/\/stauden-gross.de\/#website","url":"https:\/\/stauden-gross.de\/","name":"Staudeng\u00e4rtnerei Thomas Gro\u00df","description":"Meisterbetrieb","publisher":{"@id":"https:\/\/stauden-gross.de\/#organization"},"potentialAction":[{"@type":"SearchAction","target":{"@type":"EntryPoint","urlTemplate":"https:\/\/stauden-gross.de\/?s={search_term_string}"},"query-input":"required name=search_term_string"}],"inLanguage":"de"},{"@type":"WebPage","@id":"https:\/\/stauden-gross.de\/?page_id=383#webpage","url":"https:\/\/stauden-gross.de\/?page_id=383","name":"Datenschutzerkl\u00e4rung - Staudeng\u00e4rtnerei Thomas Gro\u00df","isPartOf":{"@id":"https:\/\/stauden-gross.de\/#website"},"datePublished":"2020-01-13T12:44:05+00:00","dateModified":"2020-01-13T21:51:36+00:00","breadcrumb":{"@id":"https:\/\/stauden-gross.de\/?page_id=383#breadcrumb"},"inLanguage":"de","potentialAction":[{"@type":"ReadAction","target":["https:\/\/stauden-gross.de\/?page_id=383"]}]},{"@type":"BreadcrumbList","@id":"https:\/\/stauden-gross.de\/?page_id=383#breadcrumb","itemListElement":[{"@type":"ListItem","position":1,"name":"Startseite","item":"https:\/\/stauden-gross.de\/"},{"@type":"ListItem","position":2,"name":"Datenschutzerkl\u00e4rung"}]}]}},"_links":{"self":[{"href":"https:\/\/stauden-gross.de\/index.php?rest_route=\/wp\/v2\/pages\/383"}],"collection":[{"href":"https:\/\/stauden-gross.de\/index.php?rest_route=\/wp\/v2\/pages"}],"about":[{"href":"https:\/\/stauden-gross.de\/index.php?rest_route=\/wp\/v2\/types\/page"}],"author":[{"embeddable":true,"href":"https:\/\/stauden-gross.de\/index.php?rest_route=\/wp\/v2\/users\/2"}],"replies":[{"embeddable":true,"href":"https:\/\/stauden-gross.de\/index.php?rest_route=%2Fwp%2Fv2%2Fcomments&post=383"}],"version-history":[{"count":5,"href":"https:\/\/stauden-gross.de\/index.php?rest_route=\/wp\/v2\/pages\/383\/revisions"}],"predecessor-version":[{"id":400,"href":"https:\/\/stauden-gross.de\/index.php?rest_route=\/wp\/v2\/pages\/383\/revisions\/400"}],"wp:attachment":[{"href":"https:\/\/stauden-gross.de\/index.php?rest_route=%2Fwp%2Fv2%2Fmedia&parent=383"}],"curies":[{"name":"wp","href":"https:\/\/api.w.org\/{rel}","templated":true}]}}