{"id":198,"date":"2019-07-17T19:24:13","date_gmt":"2019-07-17T19:24:13","guid":{"rendered":"https:\/\/stauden-gross.bbit-hosting.de\/?page_id=198"},"modified":"2019-08-07T19:22:33","modified_gmt":"2019-08-07T19:22:33","slug":"gehoelzschnitt","status":"publish","type":"page","link":"https:\/\/stauden-gross.de\/?page_id=198","title":{"rendered":"Geh\u00f6lzschnitt"},"content":{"rendered":"<p>[et_pb_section fb_built=&#8220;1&#8243; _builder_version=&#8220;3.22.3&#8243;][et_pb_row _builder_version=&#8220;3.25&#8243;][et_pb_column type=&#8220;4_4&#8243; _builder_version=&#8220;3.25&#8243; custom_padding=&#8220;|||&#8220; custom_padding__hover=&#8220;|||&#8220;][et_pb_text _builder_version=&#8220;3.26.1&#8243; text_font=&#8220;||||||||&#8220; header_font=&#8220;|500|||||||&#8220; header_text_color=&#8220;#7ab640&#8243; header_font_size=&#8220;35px&#8220;]<\/p>\n<h1 style=\"text-align: center;\">Geh\u00f6lzschnitt<\/h1>\n<p>[\/et_pb_text][\/et_pb_column][\/et_pb_row][et_pb_row column_structure=&#8220;1_2,1_2&#8243; _builder_version=&#8220;3.26.1&#8243;][et_pb_column type=&#8220;1_2&#8243; _builder_version=&#8220;3.26.1&#8243;][et_pb_gallery gallery_ids=&#8220;174,291,292,293,294,295&#8243; gallery_orderby=&#8220;rand&#8220; show_title_and_caption=&#8220;off&#8220; show_pagination=&#8220;off&#8220; _builder_version=&#8220;3.26.6&#8243; custom_margin=&#8220;50px||||false|false&#8220;][\/et_pb_gallery][\/et_pb_column][et_pb_column type=&#8220;1_2&#8243; _builder_version=&#8220;3.26.1&#8243;][et_pb_text _builder_version=&#8220;3.26.6&#8243; text_font=&#8220;||||||||&#8220; text_text_color=&#8220;#000000&#8243; text_font_size=&#8220;18px&#8220; header_font=&#8220;||||||||&#8220; custom_margin=&#8220;46px|||||&#8220;]<\/p>\n<p>Die Pflege von Str\u00e4uchern, Hecken, Obstb\u00e4umen oder Formgeh\u00f6lzen ist bei uns in guten H\u00e4nden.<\/p>\n<p>Schnittma\u00dfnahmen zur richtigen Zeit durchf\u00fchren und den arttypischen Wuchs Ihrer Pflanzen beizubehalten ist<\/p>\n<p>eine Aufgabe f\u00fcr geschulte Fachkr\u00e4fte. Ausgestattet mit professionellen Akku-Schneidwerkzeugen \u00a0f\u00fcr den R\u00fcckschnitt von Str\u00e4uchern und Hecken sind wir unabh\u00e4ngig vom langwierigen Kabel auslegen und sofort startklar um Ihren Garten &#8222;durchzuschneiden&#8220;. Anfallender Gr\u00fcn- und Strauchschnitt wird auf Wunsch von uns entsorgt.<\/p>\n<p><span style=\"text-decoration: underline;\">Wichtig zu beachten:<\/span><\/p>\n<p><span style=\"text-decoration: underline;\">Geh\u00f6lzrodungen oder das\u00a0 &#8222;Auf den Stock setzen&#8220; von Geh\u00f6lzen ist nur in der Zeit vom 01. Oktober bis zum 28. Februar\u00a0 erlaubt (Bundesnaturschutzgesetz \u00a7 39).<\/span><\/p>\n<p>[\/et_pb_text][\/et_pb_column][\/et_pb_row][\/et_pb_section]<\/p>\n","protected":false},"excerpt":{"rendered":"<p>Geh\u00f6lzschnittDie Pflege von Str\u00e4uchern, Hecken, Obstb\u00e4umen oder Formgeh\u00f6lzen ist bei uns in guten H\u00e4nden. Schnittma\u00dfnahmen zur richtigen Zeit durchf\u00fchren und den arttypischen Wuchs Ihrer Pflanzen beizubehalten ist eine Aufgabe f\u00fcr geschulte Fachkr\u00e4fte. Ausgestattet mit professionellen Akku-Schneidwerkzeugen \u00a0f\u00fcr den R\u00fcckschnitt von Str\u00e4uchern und Hecken sind wir unabh\u00e4ngig vom langwierigen Kabel auslegen und sofort startklar um Ihren [&hellip;]<\/p>\n","protected":false},"author":1,"featured_media":0,"parent":0,"menu_order":0,"comment_status":"closed","ping_status":"closed","template":"","meta":{"_et_pb_use_builder":"on","_et_pb_old_content":"","_et_gb_content_width":""},"yoast_head":"<!-- This site is optimized with the Yoast SEO plugin v17.9 - https:\/\/yoast.com\/wordpress\/plugins\/seo\/ -->\n<title>Geh\u00f6lzschnitt - Staudeng\u00e4rtnerei Thomas Gro\u00df<\/title>\n<meta name=\"robots\" content=\"index, follow, max-snippet:-1, max-image-preview:large, max-video-preview:-1\" \/>\n<link rel=\"canonical\" href=\"https:\/\/stauden-gross.de\/?page_id=198\" \/>\n<meta property=\"og:locale\" content=\"de_DE\" \/>\n<meta property=\"og:type\" content=\"article\" \/>\n<meta property=\"og:title\" content=\"Geh\u00f6lzschnitt - Staudeng\u00e4rtnerei Thomas Gro\u00df\" \/>\n<meta property=\"og:description\" content=\"Geh\u00f6lzschnittDie Pflege von Str\u00e4uchern, Hecken, Obstb\u00e4umen oder Formgeh\u00f6lzen ist bei uns in guten H\u00e4nden. Schnittma\u00dfnahmen zur richtigen Zeit durchf\u00fchren und den arttypischen Wuchs Ihrer Pflanzen beizubehalten ist eine Aufgabe f\u00fcr geschulte Fachkr\u00e4fte. Ausgestattet mit professionellen Akku-Schneidwerkzeugen \u00a0f\u00fcr den R\u00fcckschnitt von Str\u00e4uchern und Hecken sind wir unabh\u00e4ngig vom langwierigen Kabel auslegen und sofort startklar um Ihren [&hellip;]\" \/>\n<meta property=\"og:url\" content=\"https:\/\/stauden-gross.de\/?page_id=198\" \/>\n<meta property=\"og:site_name\" content=\"Staudeng\u00e4rtnerei Thomas Gro\u00df\" \/>\n<meta property=\"article:modified_time\" content=\"2019-08-07T19:22:33+00:00\" \/>\n<meta name=\"twitter:card\" content=\"summary_large_image\" \/>\n<meta name=\"twitter:label1\" content=\"Gesch\u00e4tzte Lesezeit\" \/>\n\t<meta name=\"twitter:data1\" content=\"1\u00a0Minute\" \/>\n<script type=\"application\/ld+json\" class=\"yoast-schema-graph\">{\"@context\":\"https:\/\/schema.org\",\"@graph\":[{\"@type\":\"Organization\",\"@id\":\"https:\/\/stauden-gross.de\/#organization\",\"name\":\"Staudengaertnerei Thomas Gross\",\"url\":\"https:\/\/stauden-gross.de\/\",\"sameAs\":[],\"logo\":{\"@type\":\"ImageObject\",\"@id\":\"https:\/\/stauden-gross.de\/#logo\",\"inLanguage\":\"de\",\"url\":\"https:\/\/stauden-gross.de\/wp-content\/uploads\/2019\/04\/NEU.jpg\",\"contentUrl\":\"https:\/\/stauden-gross.de\/wp-content\/uploads\/2019\/04\/NEU.jpg\",\"width\":1424,\"height\":409,\"caption\":\"Staudengaertnerei Thomas Gross\"},\"image\":{\"@id\":\"https:\/\/stauden-gross.de\/#logo\"}},{\"@type\":\"WebSite\",\"@id\":\"https:\/\/stauden-gross.de\/#website\",\"url\":\"https:\/\/stauden-gross.de\/\",\"name\":\"Staudeng\\u00e4rtnerei Thomas Gro\\u00df\",\"description\":\"Meisterbetrieb\",\"publisher\":{\"@id\":\"https:\/\/stauden-gross.de\/#organization\"},\"potentialAction\":[{\"@type\":\"SearchAction\",\"target\":{\"@type\":\"EntryPoint\",\"urlTemplate\":\"https:\/\/stauden-gross.de\/?s={search_term_string}\"},\"query-input\":\"required name=search_term_string\"}],\"inLanguage\":\"de\"},{\"@type\":\"WebPage\",\"@id\":\"https:\/\/stauden-gross.de\/?page_id=198#webpage\",\"url\":\"https:\/\/stauden-gross.de\/?page_id=198\",\"name\":\"Geh\\u00f6lzschnitt - Staudeng\\u00e4rtnerei Thomas Gro\\u00df\",\"isPartOf\":{\"@id\":\"https:\/\/stauden-gross.de\/#website\"},\"datePublished\":\"2019-07-17T19:24:13+00:00\",\"dateModified\":\"2019-08-07T19:22:33+00:00\",\"breadcrumb\":{\"@id\":\"https:\/\/stauden-gross.de\/?page_id=198#breadcrumb\"},\"inLanguage\":\"de\",\"potentialAction\":[{\"@type\":\"ReadAction\",\"target\":[\"https:\/\/stauden-gross.de\/?page_id=198\"]}]},{\"@type\":\"BreadcrumbList\",\"@id\":\"https:\/\/stauden-gross.de\/?page_id=198#breadcrumb\",\"itemListElement\":[{\"@type\":\"ListItem\",\"position\":1,\"name\":\"Startseite\",\"item\":\"https:\/\/stauden-gross.de\/\"},{\"@type\":\"ListItem\",\"position\":2,\"name\":\"Geh\\u00f6lzschnitt\"}]}]}<\/script>\n<!-- \/ Yoast SEO plugin. -->","yoast_head_json":{"title":"Geh\u00f6lzschnitt - Staudeng\u00e4rtnerei Thomas Gro\u00df","robots":{"index":"index","follow":"follow","max-snippet":"max-snippet:-1","max-image-preview":"max-image-preview:large","max-video-preview":"max-video-preview:-1"},"canonical":"https:\/\/stauden-gross.de\/?page_id=198","og_locale":"de_DE","og_type":"article","og_title":"Geh\u00f6lzschnitt - Staudeng\u00e4rtnerei Thomas Gro\u00df","og_description":"Geh\u00f6lzschnittDie Pflege von Str\u00e4uchern, Hecken, Obstb\u00e4umen oder Formgeh\u00f6lzen ist bei uns in guten H\u00e4nden. Schnittma\u00dfnahmen zur richtigen Zeit durchf\u00fchren und den arttypischen Wuchs Ihrer Pflanzen beizubehalten ist eine Aufgabe f\u00fcr geschulte Fachkr\u00e4fte. Ausgestattet mit professionellen Akku-Schneidwerkzeugen \u00a0f\u00fcr den R\u00fcckschnitt von Str\u00e4uchern und Hecken sind wir unabh\u00e4ngig vom langwierigen Kabel auslegen und sofort startklar um Ihren [&hellip;]","og_url":"https:\/\/stauden-gross.de\/?page_id=198","og_site_name":"Staudeng\u00e4rtnerei Thomas Gro\u00df","article_modified_time":"2019-08-07T19:22:33+00:00","twitter_card":"summary_large_image","twitter_misc":{"Gesch\u00e4tzte Lesezeit":"1\u00a0Minute"},"schema":{"@context":"https:\/\/schema.org","@graph":[{"@type":"Organization","@id":"https:\/\/stauden-gross.de\/#organization","name":"Staudengaertnerei Thomas Gross","url":"https:\/\/stauden-gross.de\/","sameAs":[],"logo":{"@type":"ImageObject","@id":"https:\/\/stauden-gross.de\/#logo","inLanguage":"de","url":"https:\/\/stauden-gross.de\/wp-content\/uploads\/2019\/04\/NEU.jpg","contentUrl":"https:\/\/stauden-gross.de\/wp-content\/uploads\/2019\/04\/NEU.jpg","width":1424,"height":409,"caption":"Staudengaertnerei Thomas Gross"},"image":{"@id":"https:\/\/stauden-gross.de\/#logo"}},{"@type":"WebSite","@id":"https:\/\/stauden-gross.de\/#website","url":"https:\/\/stauden-gross.de\/","name":"Staudeng\u00e4rtnerei Thomas Gro\u00df","description":"Meisterbetrieb","publisher":{"@id":"https:\/\/stauden-gross.de\/#organization"},"potentialAction":[{"@type":"SearchAction","target":{"@type":"EntryPoint","urlTemplate":"https:\/\/stauden-gross.de\/?s={search_term_string}"},"query-input":"required name=search_term_string"}],"inLanguage":"de"},{"@type":"WebPage","@id":"https:\/\/stauden-gross.de\/?page_id=198#webpage","url":"https:\/\/stauden-gross.de\/?page_id=198","name":"Geh\u00f6lzschnitt - Staudeng\u00e4rtnerei Thomas Gro\u00df","isPartOf":{"@id":"https:\/\/stauden-gross.de\/#website"},"datePublished":"2019-07-17T19:24:13+00:00","dateModified":"2019-08-07T19:22:33+00:00","breadcrumb":{"@id":"https:\/\/stauden-gross.de\/?page_id=198#breadcrumb"},"inLanguage":"de","potentialAction":[{"@type":"ReadAction","target":["https:\/\/stauden-gross.de\/?page_id=198"]}]},{"@type":"BreadcrumbList","@id":"https:\/\/stauden-gross.de\/?page_id=198#breadcrumb","itemListElement":[{"@type":"ListItem","position":1,"name":"Startseite","item":"https:\/\/stauden-gross.de\/"},{"@type":"ListItem","position":2,"name":"Geh\u00f6lzschnitt"}]}]}},"_links":{"self":[{"href":"https:\/\/stauden-gross.de\/index.php?rest_route=\/wp\/v2\/pages\/198"}],"collection":[{"href":"https:\/\/stauden-gross.de\/index.php?rest_route=\/wp\/v2\/pages"}],"about":[{"href":"https:\/\/stauden-gross.de\/index.php?rest_route=\/wp\/v2\/types\/page"}],"author":[{"embeddable":true,"href":"https:\/\/stauden-gross.de\/index.php?rest_route=\/wp\/v2\/users\/1"}],"replies":[{"embeddable":true,"href":"https:\/\/stauden-gross.de\/index.php?rest_route=%2Fwp%2Fv2%2Fcomments&post=198"}],"version-history":[{"count":5,"href":"https:\/\/stauden-gross.de\/index.php?rest_route=\/wp\/v2\/pages\/198\/revisions"}],"predecessor-version":[{"id":299,"href":"https:\/\/stauden-gross.de\/index.php?rest_route=\/wp\/v2\/pages\/198\/revisions\/299"}],"wp:attachment":[{"href":"https:\/\/stauden-gross.de\/index.php?rest_route=%2Fwp%2Fv2%2Fmedia&parent=198"}],"curies":[{"name":"wp","href":"https:\/\/api.w.org\/{rel}","templated":true}]}}